*2 - 6*f + 2. Let v be t(6). Let i(r) = -2 - 9 + 2*r**v + 5*r + 17 + 0*r. What is the tens digit of i(4)?
5
Let q(m) = 6*m**3 + 4*m**2 + 12*m - 9. Let o be q(-6). Let c = -832 - o. Let y = -269 + c. What is the hundreds digit of y?
1
Let n = -9564 + 19778. What is the thousands digit of n?
0
Let n(m) = 18*m**2 + 27*m - 92. What is the tens digit of n(-17)?
5
Let t be ((-1)/(-4))/(20/240). Suppose k = 3*k + 2*k. Suppose 4*i + t*i - 21 = k. What is the units digit of i?
3
What is the units digit of 1618 + 5 + 2/6*-24?
5
Let d = 24894 - -6071. What is the hundreds digit of d?
9
Suppose -30*o + 25*o + 204 = -2*x, 0 = 3*o + x - 118. Suppose 17115 = -19*s + o*s. What is the tens digit of s?
1
Let r be (0/(-8) - -6)*(-1 - -2). Suppose -r*y + 12 = -3*y. Suppose -350 = 4*a + 5*j - 974, j = y. What is the units digit of a?
1
Suppose 5*r - 100901 = 4*b, -4*b + 8*b - 24 = 0. What is the hundreds digit of r?
1
Let g = -5480 + 10939. What is the thousands digit of g?
5
Let t = 68 + -123. Let b = 142 + t. Suppose -4*n = -b - 129. What is the units digit of n?
4
Let a = -15752 + 67528. What is the ten thousands digit of a?
5
Let j = 0 - 0. Let s be ((-10)/(-2))/((-20)/(-8)). Suppose -5*c + 10 = -5*i, s*c - 3*i - 3 + 1 = j. What is the units digit of c?
4
Let v = 14 + 6. Suppose -g - 4 = y, y + 3*y - v = 5*g. What is the units digit of (6/g)/(4*12/(-1088))?
4
Let b(d) = -5*d**3 - d**2 - 69*d - 15. What is the units digit of b(-11)?
8
Let z(y) = -y**3 + 4*y**2 + 8*y - 9. Let b be z(5). Suppose b*k + a = 8*k - 1389, 2779 = 4*k - a. What is the tens digit of k?
9
Let s be (-2 - 16/6)*6. Suppose 2*o - v - 35 = 0, 4*o = 3*o - 4*v + 22. What is the units digit of (o/(-8))/(1/s)?
3
Let t(j) = 5 + 375*j - 162*j - 125*j + 3. What is the hundreds digit of t(7)?
6
Let t be ((-2 + 0)*1)/(11 + -9). Let h(a) = -443*a**3 - 6*a - 6. What is the tens digit of h(t)?
4
Let h be -1 + 6 + -7 + (-4 - -7). What is the tens digit of 293*(7 + -5 - h)?
9
Let l(c) = 4*c**3 + 10*c - 1. Let m(g) = -g**3 + g**2 - g. Let k be 19/57*(-2 + 3)*-3. Let h(a) = k*l(a) - 3*m(a). What is the tens digit of h(-5)?
8
Let v be ((-2)/(-6))/((-16)/(-288)). Suppose -3*c - 3 = -3*t, 0 = -4*t + v*c - c - 1. Let f(q) = 2*q**3 - 6*q**2 - 14*q - 5. What is the tens digit of f(t)?
2
Let y(k) = -k**3 + k**2 + 60*k - 4. Let z be y(14). Let c = -1106 - z. What is the tens digit of c?
0
Suppose 0 = -27*a + 8*a. Suppose 5*g - 2452 - 1033 = a. What is the units digit of g?
7
Suppose 2*w + 350175 = 11*w + 16*w. What is the units digit of w?
7
Suppose h = -3*a + 41183, 84*a = 80*a - h + 54912. What is the units digit of a?
9
Let z(u) = u**3 - 9*u**2 - 15*u - 7. Let f be z(13). Suppose -50*w + f = -47*w. What is the units digit of w?
8
Let s = 24 - -86. Let v = 109 - s. What is the units digit of 146 + 2 + (v - 0)?
7
Suppose 542 + 569 = n - 3*j, 5507 = 5*n + j. What is the units digit of n?
2
Let u(y) = -y**3 + 17*y**2 - y + 9. Let h be u(7). Let r = -161 + h. Suppose -2*l + 6*l - 3*f - 448 = 0, 3*l = f + r. What is the tens digit of l?
0
What is the hundreds digit of (-1111)/101*37732/(-11)?
7
Suppose -7*j = 20 + 8. Let x be j/(-10) - (-5)/(125/(-110835)). What is the tens digit of x/(-155) + (-4)/10*-1?
2
Let o(b) = -b**3 - 13*b**2 + 35*b + 3. Let q be o(-18). Suppose 4*z + 5*f + 0*f = -943, 4*z = 5*f - q. Let d = -32 - z. What is the tens digit of d?
1
Suppose 26*g + 459 = 27*g. What is the units digit of 17/(g/4770) - (-2)/(-3)?
6
Let r(s) = -3*s + 2. Let o be r(-5). Suppose j = -1 - 1, -3*d - 2*j + o = 0. Suppose -d*c = -11*c + 260. What is the tens digit of c?
6
Let f(b) = 21 - 48*b**2 - b**3 + 40*b + 16 + 75*b**2. What is the tens digit of f(28)?
7
Let v be (-16)/(-88) - 1*31/(-11). Suppose -2*i = -6*i - v*y + 3200, -4*i = -3*y - 3176. What is the tens digit of i?
9
Let k(m) = m**3 + 28*m**2 - 21*m - 40. Let b be k(-30). What is the units digit of b/(-2) - (-1 + 8)?
8
Let d = -105 - -110. Suppose 2*j - 42 - 25 = 5*v, d*j = 5*v + 130. Suppose -4*b = -j - 507. What is the units digit of b?
2
Let p = -1262 + 1931. Let g = p + -303. What is the tens digit of g?
6
Let p(i) = 2*i - 8. Let q be p(0). Let k be q + 11 + (274/1)/2. Let c = -72 + k. What is the units digit of c?
8
Let o(u) = -774*u - 3555. What is the units digit of o(-11)?
9
Let u = -812 - -574. Let z = 74 - u. What is the hundreds digit of z?
3
Let p be (6/12)/((-1)/(-10)). Suppose 4*b + 9 = -4*g - 3, 15 = 3*g - p*b. Let w = 123 - g. What is the tens digit of w?
2
Let x(t) = t**2 - t - 1. Let w be x(-1). Let i be 3 + w/4*4*1. Suppose -2*v + 2*o = -322, 3*v - i*v + 3*o = -161. What is the tens digit of v?
6
Let h(q) = -q**2 - 27*q - 130. Let n be h(-21). What is the units digit of n + ((-38)/19)/((-4)/806)?
9
Suppose 6*o - 51 - 243 = 0. Let d(a) = 2*a**3 + a**2 - 3*a + 7. Let r be d(3). Let b = r + o. What is the hundreds digit of b?
1
Let r(x) be the first derivative of x**4/4 + 10*x**3/3 - 25*x**2/2 + 4*x - 11. What is the tens digit of r(4)?
2
Suppose 2*k + 24 = -2*k, 4*z - 27094 = 3*k. What is the tens digit of z?
6
Let x be -1 + (-83 - (4 - 2)). Let n(r) = -26*r - 193. Let b be n(-14). Let z = x + b. What is the units digit of z?
5
Let x(f) = 31*f**2 + 77*f + 170. What is the ten thousands digit of x(-38)?
4
Suppose 2120 = g - 2*n, 3*g - 3978 = n + 2382. Suppose -1072 = -2*m - 4*y + 9*y, -g = -4*m + 4*y. What is the units digit of m?
6
Suppose 5*d - 6*d = -2*l - 13726, l = -2*d + 27462. What is the units digit of d?
0
Let o = 9 - -5. Let r(x) = -9*x - 67. Let v be r(-8). Suppose -5*p = -v*f + 120, -f + o = p - 0*p. What is the units digit of f?
9
Let r be 854/(-28) - 3/2. Let p = 0 - r. Suppose 4*a = -2*f + 144, -2*f - p = -a - 191. What is the tens digit of f?
7
Let k = -262 + 155. Let d = k - -281. What is the hundreds digit of d?
1
Let f = 5 - -20. Suppose 7 = 2*u - w - f, -5*w - 10 = 0. What is the hundreds digit of -15 + u + (0 - -132)?
1
Let b be 50/30*(-6)/(-5). Suppose b*j = -z + 946 - 266, 0 = 3*z - 3*j - 2049. What is the tens digit of z?
8
Let z(c) = -3*c**3 + 15*c**2 - 12*c + 30. Let n be z(-13). Suppose 7860 = 27*s - n. What is the hundreds digit of s?
6
Suppose 66 = 5*x + x. Suppose 3*t - 9 = -2*v, 0 = v - 2*t - x + 10. What is the units digit of v?
3
Suppose -31*r + 33*r - 5*l - 2617 = 0, 3*r = -3*l + 3915. Suppose 2*q + 6740 = 5*j + r, -j + 1091 = q. What is the thousands digit of j?
1
Let v = 231 - 121. Suppose 2*k + v = 2*t, -2*t - 2*k + 110 = k. Suppose t = 3*f + 10. What is the units digit of f?
5
Suppose -7*j - 469 = 623. What is the tens digit of (j/(-260))/((-1)/(-565))?
3
Suppose -191913 = -3*l - 2*i, 2*l - 4*l = -i - 127928. What is the thousands digit of l?
3
Suppose -256 = -s - 60. Let g = 403 - 315. Let n = s - g. What is the tens digit of n?
0
Suppose -q + 2*x = -1135 - 13558, -4 = -4*x. What is the hundreds digit of q?
6
Let i(l) = 6*l - 21. Let h be i(6). Let d = h - 26. Let k = d + 65. What is the units digit of k?
4
Let k = 474 + 567. Let n = k + -312. What is the hundreds digit of n?
7
Let b = -37180 + 71026. What is the thousands digit of b?
3
Let p = 3312 - 2134. Let w = -786 + p. Suppose -w = -5*r - 42. What is the tens digit of r?
7
Let a = -38 + 42. Suppose a*f = 19*f - 3600. What is the units digit of f?
0
Suppose 12*l - 5355 - 9729 = 0. Let w = l - 748. What is the units digit of w?
9
Suppose -5*l + u + 25001 + 5450 = 0, -5*u = 2*l - 12229. What is the thousands digit of l?
6
Let x(p) = -p**3 + 19*p**2 + 3*p - 54. Let a be x(19). Suppose 286 - 55 = z + a*b, -3*z = b - 669. What is the units digit of z?
2
What is the hundreds digit of 12/(-28) + -438*76624/(-672)?
9
Let y = 130 + -87. Let c be (3/(-1) - -1)*(y - 1). Let s = c + 129. What is the units digit of s?
5
Suppose 4*u + 1812 = 2*a, -4*a + 3*u + 3599 = -0*a. What is the hundreds digit of a/(-6 - -2)*-1?
2
Suppose -2*p + 3*x = -2441 - 1054, -4*p + 5*x = -6993. What is the tens digit of p?
5
Let w(u) = u**3 - u**2 + 237*u - 20. What is the ten thousands digit of w(20)?
1
Let i(n) be the first derivative of n**4/4 - 3*n**3 - 11*n**2/2 + 4*n + 6. Let g be i(10). Let s(d) = -d**3 - 5*d**2 - 5*d + 3. What is the units digit of s(g)?
9
Suppose -116*z + 974457 = -17*z. What is the tens digit of z?
4
Let f = 17 - 14. Suppose -2*c - 2 = v, -3*c - 4 + 11 = 4*v.